(base 12) to base 16
d8
Convert 5 (base 8) to base 7.
5
1 (base 5) to base 9
1
Convert -28 (base 10) to base 7.
-40
Convert 0 (base 5) to base 6.
0
Convert -a8 (base 11) to base 8.
-166
What is -3 (base 12) in base 16?
-3
What is 9a (base 16) in base 13?
bb
Convert -12 (base 7) to base 12.
-9
What is -d (base 15) in base 11?
-12
12121 (base 3) to base 13
b8
What is 3 (base 16) in base 11?
3
What is -47 (base 16) in base 15?
-4b
What is 22 (base 5) in base 15?
c
Convert 10111 (base 2) to base 13.
1a
What is 3 (base 4) in base 12?
3
3 (base 6) to base 13
3
What is -20 (base 14) in base 7?
-40
-a (base 16) to base 14
-a
Convert 14 (base 10) to base 8.
16
11000 (base 2) to base 15
19
Convert 7b (base 14) to base 10.
109
-1011 (base 2) to base 3
-102
0 (base 12) to base 14
0
What is 2 (base 7) in base 3?
2
What is 8 (base 14) in base 12?
8
What is 2 (base 3) in base 2?
10
What is 1011 (base 2) in base 14?
b
1000 (base 4) to base 13
4c
Convert 1000 (base 2) to base 13.
8
What is 4 (base 12) in base 15?
4
4 (base 14) to base 16
4
What is 5 (base 9) in base 4?
11
Convert 48 (base 10) to base 11.
44
What is -1 (base 13) in base 3?
-1
Convert 120 (base 4) to base 15.
19
What is -1 (base 9) in base 3?
-1
Convert 3 (base 4) to base 5.
3
Convert -22 (base 6) to base 13.
-11
What is -2 (base 4) in base 14?
-2
Convert a7 (base 11) to base 3.
11100
Convert -131 (base 4) to base 8.
-35
Convert 13 (base 9) to base 10.
12
Convert 5 (base 11) to base 4.
11
Convert 2 (base 11) to base 15.
2
Convert -1 (base 16) to base 15.
-1
1000010 (base 2) to base 3
2110
What is -62 (base 11) in base 7?
-125
What is 14 (base 6) in base 15?
a
1112 (base 3) to base 9
45
-58 (base 10) to base 3
-2011
Convert 13 (base 5) to base 14.
8
What is 2 (base 11) in base 5?
2
Convert -222 (base 3) to base 6.
-42
Convert 2d (base 16) to base 6.
113
111 (base 3) to base 5
23
What is 27 (base 13) in base 4?
201
-75 (base 11) to base 8
-122
What is 2 (base 5) in base 7?
2
What is 5 (base 8) in base 9?
5
What is 42 (base 7) in base 6?
50
What is 0 (base 2) in base 7?
0
What is -24 (base 12) in base 13?
-22
2 (base 16) to base 14
2
6 (base 12) to base 8
6
Convert 10 (base 15) to base 8.
17
Convert -b (base 16) to base 3.
-102
Convert 10000 (base 2) to base 14.
12
What is 11 (base 4) in base 13?
5
Convert -3 (base 4) to base 3.
-10
What is 65 (base 9) in base 10?
59
What is 10a (base 13) in base 15?
be
Convert 57 (base 14) to base 10.
77
Convert 14 (base 13) to base 10.
17
What is -1 (base 16) in base 10?
-1
Convert 1 (base 9) to base 7.
1
What is 7 (base 10) in base 15?
7
Convert c1 (base 13) to base 12.
111
Convert 2 (base 11) to base 13.
2
What is 2 (base 4) in base 12?
2
Convert -111 (base 3) to base 11.
-12
-1020 (base 3) to base 15
-23
Convert -b (base 15) to base 16.
-b
Convert -40 (base 6) to base 12.
-20
Convert 0 (base 16) to base 9.
0
Convert 0 (base 16) to base 7.
0
120 (base 3) to base 14
11
What is -2 (base 11) in base 14?
-2
What is a (base 11) in base 10?
10
What is -11 (base 10) in base 8?
-13
What is -320 (base 9) in base 14?
-149
Convert -15 (base 6) to base 11.
-10
4d (base 14) to base 12
59
-64 (base 14) to base 2
-1011000
2 (base 14) to base 7
2
What is 3 (base 12) in base 4?
3
What is 20 (base 10) in base 6?
32
e (base 15) to base 9
15
What is 65 (base 13) in base 14?
5d
Convert 8 (base 9) to base 16.
8
-71 (base 12) to base 5
-320
7 (base 9) to base 13
7
3 (base 15) to base 16
3
What is 1 (base 11) in base 8?
1
Convert -5 (base 11) to base 13.
-5
-3 (base 4) to base 8
-3
What is 28 (base 12) in base 11?
2a
Convert -20 (base 7) to base 6.
-22
-5 (base 10) to base 13
-5
-142 (base 5) to base 6
-115
Convert c (base 14) to base 5.
22
12 (base 13) to base 12
13
What is 10 (base 2) in base 9?
2
54 (base 7) to base 5
124
What is 11 (base 2) in base 10?
3
Convert -81 (base 13) to base 4.
-1221
Convert 29 (base 12) to base 2.
100001
18 (base 10) to base 4
102
What is 2 (base 10) in base 2?
10
-25 (base 15) to base 11
-32
Convert 3 (base 15) to base 6.
3
What is 111111 (base 2) in base 5?
223
What is -212 (base 3) in base 2?
-10111
What is -11 (base 2) in base 6?
-3
Convert 110 (base 12) to base 9.
183
-3 (base 15) to base 4
-3
-45 (base 13) to base 7
-111
-234 (base 5) to base 9
-76
Convert 22 (base 6) to base 8.
16
b (base 14) to base 12
b
25 (base 6) to base 5
32
-6 (base 10) to base 12
-6
3 (base 11) to base 12
3
Convert 30 (base 10) to base 15.
20
What is -11 (base 6) in base 14?
-7
What is -101010 (base 3) in base 13?
-180
What is 4 (base 6) in base 14?
4
1 (base 5) to base 2
1
What is 3 (base 6) in base 7?
3
What is 2 (base 3) in base 4?
2
What is -b (base 16) in base 11?
-10
What is -13 (base 7) in base 10?
-10
What is -3 (base 12) in base 11?
-3
-21 (base 12) to base 7
-34
What is 5 (base 12) in base 5?
10
What is -6 (base 8) in base 10?
-6
5 (base 12) to base 14
5
What is -1 (base 3) in base 15?
-1
What is -1212 (base 3) in base 8?
-62
Convert 23 (base 14) to base 12.
27
-5a (base 11) to base 9
-72
What is 1 (base 7) in base 13?
1
Convert -25 (base 16) to base 14.
-29
-3 (base 12) to base 10
-3
What is -43 (base 12) in base 4?
-303
Convert 65 (base 7) to base 11.
43
Convert -a (base 11) to base 14.
-a
-12 (base 5) to base 7
-10
19 (base 13) to base 2
10110
128 (base 13) to base 10
203
Convert -13 (base 13) to base 9.
-17
What is -12 (base 4) in base 7?
-6
-11 (base 7) to base 15
-8
What is 71 (base 8) in base 9?
63
Convert -5 (base 6) to base 4.
-11
What is -3 (base 14) in base 2?
-11
0 (base 10) to base 5
0
Convert a (base 13) to base 2.
1010
What is 50 (base 6) in base 5?
110
What is -3 (base 7) in base 9?
-3
What is -41 (base 9) in base 16?
-25
Convert 0 (base 15) to base 5.
0
53 (base 7) to base 9
42
Convert -d4 (base 14) to base 4.
-2322
What is -3 (base 14) in base 2?
-11
Convert -111 (base 7) to base 5.
-212
What is 12 (base 10) in base 13?
c
What is 0 (base 14) in base 3?
0
2 (base 8) to base 14
2
12 (base 3) to base 5
10
4 (base 15) to base 5
4
Convert -244 (base 8) to base 6.
-432
84 (base 9) to base 15
51
What is 3 (base 5) in base 11?
3
What is -43 (base 11) in base 14?
-35
-1104 (base 6) to base 5
-2011
Convert -3 (base 6) to base 2.
-11
What is 3 (base 13) in base 7?
3
What is -7 (base 15) in base 6?
-11
13 (base 8) to base 6
15
-10 (base 12) to base 5
-22
What is -5 (base 14) in base 15?
-5
33 (base 4) to base 13
12
Convert 6 (base 16) to base 4.
12
What is 1 (base 15) in base 11?
1
-10 (base 3) to base 13
-3
Convert 11 (base 12) to base 8.
15
Convert -9 (base 10) to base 14.
-9
Convert 92 (base 12) to base 13.
86
Convert -431 (base 8) to base 4.
-10121
What is 202 (base 7) in base 15?
6a
48 (base 14) to base 2
1000000
Convert -254 (base 7) to base 13.
-a7
Convert -2 (base 8) to base 12.
-2
Convert 11 (base 2) to base 11.
3
Convert -201 (base 4) to base 8.
-41
Convert 20 (base 3) to base 7.
6
-1 (base 15) to base 4
-1
-10 (base 10) to base 14
-a
Convert -17 (base 10) to base 12.
-15
Convert 2 (base 4) to base 15.
2
What is 21 (base 13) in base 16?
1b
Convert -2 (base 6) to base 12.
-2
-c2 (base 16) to base 15
-ce
Convert a (base 15) to base 11.
a
Convert 41 (base 14) to base 4.
321
What is -166 (base 9) in base 8?
-215
1 (base 13) to base 7
1
What is -1100 (base 6) in base 10?
-252
Convert 111 (base 3) to base 5.
23
55 (base 8) to base 14
33
75 (base 8) to base 5
221
-8 (base 14) to base 8
-10
Convert -5 (base 16) to base 14.
-5
What is 2 (base 12) in base 5?
2
What is -3 (base 15) in base 13?
-3
27 (base 9) to base 7
34
Convert 117 (base 8) to base 2.
1001111
Convert -4d (base 16) to base 11.
-70
Convert -21 (base 13) to base 14.
-1d
What is 0 (base 2) in base 16?
0
Convert 2 (base 6) to base 13.
2
-9 (base 12) to base 16
-9
Convert 1 (base 11) to base 10.
1
What is -3 (base 13) in base 12?
-3
9f (base 16) to base 11
135
Convert -1a3 (base 11) to base 12.
-176
Convert 69 (base 14) to base 3.
10110
-2 (base 15) to base 3
-2
-100 (base 2) to base 5
-4
Convert -3 (base 16) to base 2.
-11
What is 2221 (base 3) in base 15?
54
-1 (base 14) to base 12
-1
-420 (base 5) to base 8
-156
445 (base 6) to base 10
173
16 (base 15) to base 13
18
What is -14 (base 15) in base 11?
-18
-1 (base 6) to base 4
-1
-4 (base 14) to base 7
-4
Convert 183 (base 9) to base 3.
1221